In base 10, what is -1408 - 4?
-1412
In base 9, what is 5 - 0?
5
In base 15, what is -3 + c9?
c6
In base 4, what is -313 + -3?
-322
In base 5, what is -2 - 21034?
-21041
In base 13, what is -171b - 1?
-171c
In base 3, what is 10 - -2121112?
2121122
In base 13, what is 9c + -11?
8b
In base 13, what is -1 - -229?
228
In base 16, what is -13 - 4f?
-62
In base 2, what is -1001111001110 + -100?
-1001111010010
In base 4, what is 3032003 - 0?
3032003
In base 2, what is -10000000101 + -101?
-10000001010
In base 13, what is -12 - -520?
50b
In base 11, what is 42a - 3?
427
In base 4, what is 23310 - 10?
23300
In base 2, what is -101010010 + -10?
-101010100
In base 5, what is -2 + -110210?
-110212
In base 12, what is -3 - 40?
-43
In base 14, what is 83 - -39?
bc
In base 15, what is c7 + 0?
c7
In base 12, what is 63 - 9?
56
In base 16, what is 747 + 5?
74c
In base 2, what is -11 + -110000?
-110011
In base 14, what is 25 - 3b?
-16
In base 4, what is -103 - -322?
213
In base 13, what is -2 + 36?
34
In base 6, what is 20 + 1202?
1222
In base 4, what is -2133 - -3?
-2130
In base 4, what is 13 + -10?
3
In base 3, what is -1 + -220?
-221
In base 14, what is 25 + -11?
14
In base 6, what is 2453 - 23?
2430
In base 4, what is 3 - 133301?
-133232
In base 12, what is 23 - 7?
18
In base 15, what is 4a - 7?
43
In base 6, what is 5421 + -4?
5413
In base 12, what is 9b + 3?
a2
In base 4, what is -21 - 1232?
-1313
In base 8, what is -3 + -1?
-4
In base 13, what is 14 - 155?
-141
In base 15, what is 69 - -4?
6d
In base 7, what is -24 - -23?
-1
In base 8, what is 162 + -5?
155
In base 12, what is b + 3b?
4a
In base 13, what is 7c3 + 2?
7c5
In base 15, what is -2 + -6c?
-6e
In base 16, what is -18 - 25?
-3d
In base 2, what is -10110000 - -11110?
-10010010
In base 14, what is a - d6?
-ca
In base 14, what is 32 + 8?
3a
In base 6, what is -1335 - 0?
-1335
In base 5, what is -210 + -424?
-1134
In base 13, what is 2 + -ca?
-c8
In base 11, what is -4254 - -2?
-4252
In base 14, what is -38 - d?
-47
In base 14, what is 3 - -ba?
bd
In base 6, what is -3512 + 4?
-3504
In base 5, what is 1 + -131?
-130
In base 5, what is 1 - -241?
242
In base 13, what is -631 - -9?
-625
In base 8, what is -705 + -27?
-734
In base 4, what is -2203 + 10?
-2133
In base 5, what is -3 - 223?
-231
In base 7, what is 16245 - 2?
16243
In base 15, what is 7 + 2b?
33
In base 6, what is -405 + -3?
-412
In base 11, what is 33a5 + -3?
33a2
In base 15, what is 20 - -139?
159
In base 10, what is -23 - 21?
-44
In base 14, what is -7 - -53?
4a
In base 7, what is 41 + 1?
42
In base 2, what is 10 - -10000011111?
10000100001
In base 4, what is -12 + -2?
-20
In base 8, what is -673 + 2?
-671
In base 8, what is 252 - -5?
257
In base 4, what is 30 + 10?
100
In base 2, what is -1110101 + 10?
-1110011
In base 12, what is 155 + 0?
155
In base 14, what is -78d + -2?
-791
In base 12, what is -2662 - 4?
-2666
In base 2, what is -11 - -101101001?
101100110
In base 7, what is -102 - -3?
-66
In base 6, what is 3 - 2?
1
In base 11, what is 9 + 139?
147
In base 10, what is 6 - 3?
3
In base 2, what is 11 - -1000111?
1001010
In base 2, what is 110000 - 0?
110000
In base 2, what is -1001 + -11000011?
-11001100
In base 12, what is -32 + 1a?
-14
In base 2, what is 0 + -100001001?
-100001001
In base 12, what is 4b6 - 5?
4b1
In base 10, what is -7 + -1793?
-1800
In base 6, what is -4 + 55434?
55430
In base 9, what is -6 + 3160?
3153
In base 3, what is -22112022 - -12?
-22112010
In base 4, what is 10 - 3011?
-3001
In base 11, what is 30 - 3?
28
In base 6, what is 1241 - -5?
1250
In base 5, what is -4 + -2244?
-2303
In base 5, what is -4142013 + 4?
-4142004
In base 5, what is 12 + -12400?
-12333
In base 12, what is -3 + -1a64?
-1a67
In base 16, what is -49 - -2?
-47
In base 4, what is -2 - -102221?
102213
In base 14, what is 24 + a?
30
In base 11, what is 50a + 2?
511
In base 2, what is 1001 + -1?
1000
In base 10, what is 121 + -5?
116
In base 12, what is -3b - -27?
-14
In base 3, what is 210 + 211202?
212112
In base 3, what is 1 + -100001?
-100000
In base 6, what is 12 - -14?
30
In base 4, what is -11232 - 11?
-11303
In base 16, what is -4 - 2b?
-2f
In base 5, what is -12342 - 3?
-12400
In base 8, what is -4 + 10?
4
In base 4, what is -112 + -2210?
-2322
In base 13, what is 287 - 2?
285
In base 16, what is 7 - -25?
2c
In base 16, what is 8fd + 8?
905
In base 9, what is -6117 + -3?
-6121
In base 8, what is 1 - -3102?
3103
In base 13, what is c8 - 3?
c5
In base 10, what is 341 - -14?
355
In base 3, what is 200 - 2111?
-1211
In base 11, what is 3a34 - -2?
3a36
In base 10, what is -7 + -629?
-636
In base 15, what is a49 - -1?
a4a
In base 5, what is 244 + -10?
234
In base 8, what is -1365 - 0?
-1365
In base 14, what is -13 - -6a?
57
In base 9, what is 3 + -1311?
-1307
In base 9, what is -3 - -162?
158
In base 6, what is 0 + -4?
-4
In base 4, what is 3 + 31?
100
In base 2, what is 110 - 1000100100?
-1000011110
In base 16, what is 3 - e1d?
-e1a
In base 6, what is -5 - 22?
-31
In base 4, what is 2 + 12031?
12033
In base 11, what is 4 + 207?
210
In base 7, what is 4 - -135?
142
In base 3, what is -1 + 22000?
21222
In base 15, what is -6c - -5?
-67
In base 13, what is -2 - -10?
b
In base 7, what is 5 + -366?
-361
In base 5, what is -44204 - 1?
-44210
In base 6, what is 50 - 220?
-130
In base 2, what is -10101001100111 - -101?
-10101001100010
In base 11, what is 297 + 1?
298
In base 6, what is -150 + 45?
-101
In base 15, what is 68 + -5?
63
In base 2, what is 11 + 10100001000?
10100001011
In base 2, what is 10001010 - 101?
10000101
In base 2, what is 110 - -11011?
100001
In base 6, what is 5432 + -13?
5415
In base 11, what is 160 - -5?
165
In base 8, what is -3 + -332?
-335
In base 11, what is -a03 + 6?
-9a8
In base 6, what is -2012 - 11?
-2023
In base 4, what is -11 + -1022003?
-1022020
In base 16, what is -1e8a + -3?
-1e8d
In base 13, what is -1acc - -3?
-1ac9
In base 13, what is c - 361?
-352
In base 14, what is -6686 - 1?
-6687
In base 4, what is -2102 - 13?
-2121
In base 9, what is -1 - -253?
252
In base 13, what is 5 - 36?
-31
In base 12, what is -364 + 0?
-364
In base 7, what is -12 + 140?
125
In base 15, what is -10 - be?
-ce
In base 9, what is -107 - 5?
-113
In base 10, what is -314 + -14?
-328
In base 9, what is -36505 - -1?
-36504
In base 10, what is 4 - -278?
282
In base 2, what is 11111 - 10?
11101
In base 5, what is 42 - -14?
111
In base 2, what is -11110001 - 10111?
-100001000
In base 10, what is 76 + 0?
76
In base 16, what is 2 + 7d?
7f
In base 13, what is -5626 - 4?
-562a
In base 14, what is 5a - -10?
6a
In base 6, what is -42510 - 5?
-42515
In base 16, what is -4 + -10?
-14
In base 3, what is 2022222 + -12?
2022210
In base 13, what is -40 + 1a?
-23
In base 5, what is -1 - -121?
120
In base 12, what is 12 + -308?
-2b6
In base 14, what is 6 + 34?
3a
In base 6, what is 153 + -4?
145
In base 4, what is 10 - 122?
-112
In base 7, what is 2 + 30?
32
In base 16, what is 1 - 224?
-223
In base 10, what is -303 + -2?
-305
In base 2, what is 101011 + -100?
100111
In base 13, what is 16 - 1?
15
In base 6, what is -5 - -3?
-2
In base 14, what is 0 - 83?
-83
In base 6, what is -12331 + 4?
-12323
In base 13, what is 77 + c?
86
In base 4, what is 131 - -1?
132
In base 10, what is -69 - -5?
-64
In base 2, what is -101 - 1010010100?
-1010011001
In base 2, what is -11000 - 11?
-11011
In base 3, what is -2121 + -11202?
-21100
In base 11, what is -1 - 48?
-49
In base 16, what is e + 34?
42
In base 3, what is -2 + 12102?
12100
In base 11, what is -35 + -23?
-58
In base 8, what is 7 + 1540?
1547
In base 3, what is -10 + -12121?
-12201
In base 5, what is -20 + 104?
34
In base 10, what is -129 - -5?
-124
In base 5, what is 121 + -30?
41
In base 13, what is -3a + -7?
-44
In base 14, what is -1b + -3?
-20
In base 8, what is 1 - -363?
364
In base 3, what is 10020 - -20?
10110
In base 7, what is 1 - -462?
463
In base 2, what is -1111000 + 1011?
-1101101
In base 5, what is 14230 + -1?
14224
In base 11, what is 22 + 112?
134
In base 15, what is -54 + -1?
-55
In base 5, what is 11 + 3404?
3420
In base 2, what is -11 - -10110101?
10110010
In base 2, what is -11 + -1111110000?
-1111110011
In base 16, what is -40 - -50?
10
In base 15, what is 0 + 742?
742
In base 4,